+ 0*b - 460 = -4*b, -3*k + 249 = -3*b. Suppose 6*y = 8 + k. Calculate the highest common divisor of y and 8.
8
Let l(q) = -q**3 - 3*q**2 - 10*q + 6. Let g be l(-4). Let u be g/5 + 12/(-30). Calculate the highest common factor of 54 and u.
6
Let z(m) = -60*m - 3. Let v be z(-5). Let b(d) = 21*d - 387. Let i be b(20). What is the greatest common factor of i and v?
33
Suppose -2*q = 5*h + 2*q - 65, 0 = 5*q + 25. Let g = -4 + h. What is the highest common factor of 13 and g?
13
Let u = -61 - -62. Let o(w) = 87*w - 3. Let v be o(u). What is the greatest common factor of v and 28?
28
Suppose 3*i = n + 27, 0 = n + 3*n + 12. Suppose -7 - i = -y. Calculate the greatest common factor of 60 and y.
15
Let h = 22 - 152. Let j be 1 + 172/(0 + -2). Let a = j - h. What is the highest common divisor of a and 18?
9
Suppose 142 = 2*a + 2*g, 3*a - g - 140 = 61. Calculate the highest common divisor of 17 and a.
17
Let i = -22 + 23. Suppose 0 = -3*g - 1 + 4. Calculate the greatest common factor of i and g.
1
Let w(g) = g**2 - 9*g + 12. Let p be w(8). Suppose -8*x = -p*x - 24. Let f = 22 - x. Calculate the highest common factor of 4 and f.
4
Let j(u) = -u - 5. Let w be j(-8). Let c be (-6 + -56)*1/2. Let o be (c + -2 + 0)*-1. Calculate the greatest common factor of o and w.
3
Let r = -453 + 479. Suppose 5*l = -5*n + 2*n + 145, -l = -2*n - 16. What is the highest common factor of r and l?
26
Suppose -149 = -13*t + 371. Calculate the highest common divisor of 160 and t.
40
Suppose 0 = 3*v + 4*y - 29, 0*y = v + y - 9. Let l = 9 - v. What is the greatest common factor of 6 and l?
2
Let k = -23 - -58. Suppose 2*x + k = 3*x. What is the greatest common divisor of x and 14?
7
Suppose 8 + 52 = v. What is the highest common divisor of 30 and v?
30
Suppose 4*n - 24*n = -720. Calculate the highest common divisor of n and 30.
6
Suppose 5*o - 170 = -0*o. Suppose -30*c + o*c - 448 = 0. Suppose 3*h = -5*s + 48, 0*s = s. Calculate the highest common divisor of h and c.
16
Let o be (36/(-30))/(4/(-10)). Suppose -c + 5*y + 60 = o*c, -y = 4*c - 60. Calculate the greatest common divisor of 120 and c.
15
Let p = 16 - 12. Suppose 59 = p*j - 21. What is the highest common factor of 50 and j?
10
Let b(n) = n**3 - 11*n**2 + 11*n - 5. Let h be b(11). Calculate the highest common divisor of 406 and h.
58
Suppose 979 = 4*t - 21. Calculate the highest common factor of t and 50.
50
Let s be (4/12)/(2/24). Suppose -s*u + 7*u = 0. Suppose u*c - 48 = -3*c. Calculate the greatest common divisor of c and 40.
8
Let y(h) = -h**3 - 18*h**2 + 35*h - 40. Let r be y(-20). Calculate the greatest common factor of 255 and r.
15
Suppose -18*y + 2111 = 5. What is the greatest common divisor of 1209 and y?
39
Let b = -1773 + 2525. Calculate the greatest common factor of 16 and b.
16
Suppose 3 - 98 = -5*s. Calculate the highest common divisor of s and 95.
19
Suppose 5*r - 3*b = 31, -18 = -3*r + b + b. Suppose r*f + 2 = 26. Calculate the greatest common factor of 33 and f.
3
Suppose -3*y - 45 = 5*g, 50 = -5*g - 3*y - y. Let k be g*((-50)/4 + 2). What is the highest common factor of k and 21?
21
Let p be (-1)/(-4) - 51/(-4). Suppose -3*r - 186 = -3*c, 4*c - 12*r - 269 = -15*r. Calculate the greatest common divisor of c and p.
13
Let g(y) = -y**3 + 34*y**2 - 65*y + 82. Let n be g(31). Calculate the greatest common divisor of n and 50.
50
Let z = -118 + 150. What is the highest common divisor of z and 8?
8
Let c be (-2268)/(-30) + (-1)/5*3. Calculate the highest common factor of c and 50.
25
Suppose -g - 5 = 3*w - 3*g, -w + 1 = -2*g. Let x(h) = 14*h**2 + 2*h - 5. Let q be x(w). Calculate the greatest common divisor of q and 46.
23
Let q(g) = g + 18. Let v be q(6). Suppose -8*p + 12 = -4*p. Suppose f - p*f = -b - 3, -f + 4*b = 9. Calculate the greatest common divisor of f and v.
3
Suppose -125*a - 336 = -131*a. Calculate the highest common factor of a and 144.
8
Let y(v) = -6*v + 3. Let m be y(-13). Let u = -55 + m. What is the highest common divisor of u and 286?
26
Let r be (-6)/15 - 32/(-5). Let q(j) = j**2 + 8*j - 8. Suppose -z + y = 2*y + 9, -4*y + 54 = -5*z. Let u be q(z). What is the highest common divisor of r and u?
6
Let m be 4*((-22)/(-28) - 4/14). Suppose 3*t - 424 = -4*d, -3*t - 7*d + m*d = -428. Calculate the greatest common divisor of 17 and t.
17
Let t be (-54)/(-12) + (-1)/(-2). Suppose 1 - 226 = -t*l. Suppose x - 4*j + 3*j = 21, 0 = -x + 4*j + 30. What is the greatest common factor of x and l?
9
Suppose 25*z - 2883 = 1242. What is the highest common divisor of 605 and z?
55
Let y(t) = t**2 - 25. Suppose 0*k - 4*k - 22 = -2*o, 4*k = -5*o - 29. Let u be y(k). Calculate the highest common divisor of 11 and u.
11
Suppose l = -3, -5*o + 2*l = -0*o - 11. Let w be (-16)/8 + o + 14. What is the greatest common factor of w and 13?
13
Let o be (-4)/(-5)*75/10. Let b = o - 10. Let g = b - -28. Calculate the greatest common factor of g and 6.
6
Suppose 10*c - c = 378. What is the highest common factor of 21 and c?
21
Suppose 18*m = 21*m + 4740. Let b be 4/(-26) - m/130. Calculate the highest common factor of b and 84.
12
Let r = 241 + -234. Calculate the greatest common factor of 63 and r.
7
Suppose -7*z = -12*z + 2585. Calculate the greatest common factor of 11 and z.
11
Let u(k) be the second derivative of 10*k**3 + 3*k**2/2 - 2*k. Let r be ((-2)/6)/(6/(-18)). Let h be u(r). What is the highest common divisor of h and 9?
9
Let o(j) = -1. Let i(w) = 3*w + 15. Let s(u) = -i(u) - 4*o(u). Let a be s(-6). Calculate the highest common factor of a and 35.
7
Let p(d) be the second derivative of -5*d**3/3 + 15*d**2/2 + 12*d. Let w be p(-5). Calculate the highest common divisor of 39 and w.
13
Let r = 799 - 774. What is the greatest common factor of 800 and r?
25
Let v(k) = k. Let l(h) = -h**2 - 5*h + 1. Suppose 0 = -b - b - 10. Let a be l(b). Let s be v(a). What is the greatest common factor of 3 and s?
1
Let r(q) = 30*q**2 + 17*q + 32. Let k be r(-2). What is the greatest common divisor of k and 59?
59
Let i(r) = -25*r**3 - 2*r**2 - 4*r - 4. Let a be i(-2). What is the highest common divisor of a and 140?
28
Let r be (6/(-9))/1*12. Let y be ((-396)/8)/(3/r). What is the highest common factor of y and 12?
12
Suppose 22*m - 19*m + 4*b = 183, -4*b = -4*m + 272. Calculate the highest common factor of m and 15.
5
Let u be (12/(-8))/(1/(-6)). Suppose 2*h = -h - u. Let y be (h/9)/(2/(-78)). What is the greatest common factor of y and 117?
13
Let g(x) = -x**2 + 22*x + 423. Let a be g(26). What is the greatest common divisor of a and 261?
29
Let x(k) = k**2 - 14*k - 23. Let p be x(16). Suppose 2*i + 8 + p = -5*c, -i + 5*c + 29 = 0. What is the highest common factor of i and 2?
2
Let r be (-58)/(-6) + 12/(-18). Suppose 12 = -28*s + 30*s. Calculate the greatest common factor of s and r.
3
Let b = 456 - 249. Calculate the greatest common factor of 115 and b.
23
Let c be 638/154 - (-1)/(-7). Suppose -c*m + 47 = -5*t, -4*m - 5*t + 3*t + 82 = 0. Suppose 3*b - 6 = 2*b. What is the highest common divisor of b and m?
6
Suppose 18*f = 5*f + 468. Calculate the greatest common divisor of f and 36.
36
Suppose 2*z - g - 75 = 0, -3*z - 207 = -8*z - 4*g. Let y be (-26)/(-130) - z/(-5). Suppose 194 = 4*m - 30. What is the highest common divisor of y and m?
8
Let q be 1 + -3 + -9*(3 - 6). Let n be (q/4)/(35/28 + -1). Calculate the greatest common divisor of 175 and n.
25
Suppose 61*j - 9 = 58*j. Let c(g) = 5*g**3 + 3*g**2 - 2*g. Let z be c(j). Calculate the highest common divisor of 104 and z.
52
Let b = -20 - -80. Suppose -3*p = -4*w + 59, w - p = -4*w + b. What is the highest common divisor of w and 209?
11
Suppose -36*j + 682 = -5*j. Let b(q) = q + 8. Let x be b(-6). What is the highest common divisor of x and j?
2
Let v be (-36)/(-24) - 101/(-2). Let y = -37 + v. Calculate the greatest common factor of 30 and y.
15
Let g(d) = 4*d**3 - d**2 - 6*d + 3. Let l be g(5). Suppose l = 6*t - 224. What is the greatest common factor of 14 and t?
14
Suppose -399*l = -391*l - 48. Calculate the highest common factor of l and 3.
3
Let y = 1084 - 1073. Calculate the highest common divisor of 297 and y.
11
Suppose 3*v - v = 104. Suppose v*f - 55*f = -9. Calculate the highest common factor of f and 3.
3
Let z(t) = -10*t**3 - 4*t**2 - 4*t + 14. Let p be 